{"id":22,"date":"2025-10-14T02:43:06","date_gmt":"2025-10-14T02:43:06","guid":{"rendered":"https:\/\/test1.vivabeta.com\/?page_id=22"},"modified":"2025-10-14T02:43:06","modified_gmt":"2025-10-14T02:43:06","slug":"los-prompt","status":"publish","type":"page","link":"https:\/\/test1.vivabeta.com\/index.php\/inteligencia-artificial-para-marketing\/los-prompt\/","title":{"rendered":"Los Prompt"},"content":{"rendered":"\n<p>Un prompt en inteligencia artificial generativa es una instrucci\u00f3n o<br>solicitud dada a un modelo de inteligencia artificial (como por ejemplo a<br>ChatGPT) para guiar su proceso de creaci\u00f3n. Es como darle una idea o un<br>tema a la inteligencia artificial para que empiece a generar contenido<br>relacionado con esa idea. Por ejemplo, podr\u00edas darle un prompt que diga<br>&#8220;Escribe un cuento sobre un viaje espacial&#8221; y el modelo utilizar\u00e1 esa gu\u00eda<br>para producir un relato que se ajuste al tema proporcionado. El texto<br>&#8220;Escribe un cuento sobre un viaje espacial&#8221; es el prompt. Los prompts son<br>fundamentales para dirigir el enfoque de la inteligencia artificial y obtener<br>resultados espec\u00edficos de acuerdo con tus necesidades.<\/p>\n","protected":false},"excerpt":{"rendered":"<p>Un prompt en inteligencia artificial generativa es una instrucci\u00f3n osolicitud dada a un modelo de inteligencia artificial (como por ejemplo aChatGPT) para guiar su proceso de creaci\u00f3n. Es como darle una idea o untema a la inteligencia artificial para que empiece a generar contenidorelacionado con esa idea. Por ejemplo, podr\u00edas darle un prompt que diga&#8220;Escribe&hellip;&nbsp;<a href=\"https:\/\/test1.vivabeta.com\/index.php\/inteligencia-artificial-para-marketing\/los-prompt\/\" rel=\"bookmark\"><span class=\"screen-reader-text\">Los Prompt<\/span><\/a><\/p>\n","protected":false},"author":1,"featured_media":0,"parent":15,"menu_order":2,"comment_status":"closed","ping_status":"closed","template":"","meta":{"_eb_attr":"","neve_meta_sidebar":"","neve_meta_container":"","neve_meta_enable_content_width":"","neve_meta_content_width":0,"neve_meta_title_alignment":"","neve_meta_author_avatar":"","neve_post_elements_order":"","neve_meta_disable_header":"","neve_meta_disable_footer":"","neve_meta_disable_title":"","footnotes":""},"class_list":["post-22","page","type-page","status-publish","hentry"],"yoast_head":"<!-- This site is optimized with the Yoast SEO plugin v26.3 - https:\/\/yoast.com\/wordpress\/plugins\/seo\/ -->\n<title>Los Prompt - Test 1<\/title>\n<meta name=\"robots\" content=\"index, follow, max-snippet:-1, max-image-preview:large, max-video-preview:-1\" \/>\n<link rel=\"canonical\" href=\"https:\/\/test1.vivabeta.com\/index.php\/inteligencia-artificial-para-marketing\/los-prompt\/\" \/>\n<meta property=\"og:locale\" content=\"es_ES\" \/>\n<meta property=\"og:type\" content=\"article\" \/>\n<meta property=\"og:title\" content=\"Los Prompt - Test 1\" \/>\n<meta property=\"og:description\" content=\"Un prompt en inteligencia artificial generativa es una instrucci\u00f3n osolicitud dada a un modelo de inteligencia artificial (como por ejemplo aChatGPT) para guiar su proceso de creaci\u00f3n. Es como darle una idea o untema a la inteligencia artificial para que empiece a generar contenidorelacionado con esa idea. Por ejemplo, podr\u00edas darle un prompt que diga&#8220;Escribe&hellip;&nbsp;Los Prompt\" \/>\n<meta property=\"og:url\" content=\"https:\/\/test1.vivabeta.com\/index.php\/inteligencia-artificial-para-marketing\/los-prompt\/\" \/>\n<meta property=\"og:site_name\" content=\"Test 1\" \/>\n<meta name=\"twitter:card\" content=\"summary_large_image\" \/>\n<meta name=\"twitter:label1\" content=\"Est. reading time\" \/>\n\t<meta name=\"twitter:data1\" content=\"1 minuto\" \/>\n<script type=\"application\/ld+json\" class=\"yoast-schema-graph\">{\"@context\":\"https:\/\/schema.org\",\"@graph\":[{\"@type\":\"WebPage\",\"@id\":\"https:\/\/test1.vivabeta.com\/index.php\/inteligencia-artificial-para-marketing\/los-prompt\/\",\"url\":\"https:\/\/test1.vivabeta.com\/index.php\/inteligencia-artificial-para-marketing\/los-prompt\/\",\"name\":\"Los Prompt - Test 1\",\"isPartOf\":{\"@id\":\"https:\/\/test1.vivabeta.com\/#website\"},\"datePublished\":\"2025-10-14T02:43:06+00:00\",\"breadcrumb\":{\"@id\":\"https:\/\/test1.vivabeta.com\/index.php\/inteligencia-artificial-para-marketing\/los-prompt\/#breadcrumb\"},\"inLanguage\":\"es-CR\",\"potentialAction\":[{\"@type\":\"ReadAction\",\"target\":[\"https:\/\/test1.vivabeta.com\/index.php\/inteligencia-artificial-para-marketing\/los-prompt\/\"]}]},{\"@type\":\"BreadcrumbList\",\"@id\":\"https:\/\/test1.vivabeta.com\/index.php\/inteligencia-artificial-para-marketing\/los-prompt\/#breadcrumb\",\"itemListElement\":[{\"@type\":\"ListItem\",\"position\":1,\"name\":\"Portada\",\"item\":\"https:\/\/test1.vivabeta.com\/\"},{\"@type\":\"ListItem\",\"position\":2,\"name\":\"Inteligencia Artificial para Marketing\",\"item\":\"https:\/\/test1.vivabeta.com\/index.php\/inteligencia-artificial-para-marketing\/\"},{\"@type\":\"ListItem\",\"position\":3,\"name\":\"Los Prompt\"}]},{\"@type\":\"WebSite\",\"@id\":\"https:\/\/test1.vivabeta.com\/#website\",\"url\":\"https:\/\/test1.vivabeta.com\/\",\"name\":\"Test 1\",\"description\":\"\",\"potentialAction\":[{\"@type\":\"SearchAction\",\"target\":{\"@type\":\"EntryPoint\",\"urlTemplate\":\"https:\/\/test1.vivabeta.com\/?s={search_term_string}\"},\"query-input\":{\"@type\":\"PropertyValueSpecification\",\"valueRequired\":true,\"valueName\":\"search_term_string\"}}],\"inLanguage\":\"es-CR\"}]}<\/script>\n<!-- \/ Yoast SEO plugin. -->","yoast_head_json":{"title":"Los Prompt - Test 1","robots":{"index":"index","follow":"follow","max-snippet":"max-snippet:-1","max-image-preview":"max-image-preview:large","max-video-preview":"max-video-preview:-1"},"canonical":"https:\/\/test1.vivabeta.com\/index.php\/inteligencia-artificial-para-marketing\/los-prompt\/","og_locale":"es_ES","og_type":"article","og_title":"Los Prompt - Test 1","og_description":"Un prompt en inteligencia artificial generativa es una instrucci\u00f3n osolicitud dada a un modelo de inteligencia artificial (como por ejemplo aChatGPT) para guiar su proceso de creaci\u00f3n. Es como darle una idea o untema a la inteligencia artificial para que empiece a generar contenidorelacionado con esa idea. Por ejemplo, podr\u00edas darle un prompt que diga&#8220;Escribe&hellip;&nbsp;Los Prompt","og_url":"https:\/\/test1.vivabeta.com\/index.php\/inteligencia-artificial-para-marketing\/los-prompt\/","og_site_name":"Test 1","twitter_card":"summary_large_image","twitter_misc":{"Est. reading time":"1 minuto"},"schema":{"@context":"https:\/\/schema.org","@graph":[{"@type":"WebPage","@id":"https:\/\/test1.vivabeta.com\/index.php\/inteligencia-artificial-para-marketing\/los-prompt\/","url":"https:\/\/test1.vivabeta.com\/index.php\/inteligencia-artificial-para-marketing\/los-prompt\/","name":"Los Prompt - Test 1","isPartOf":{"@id":"https:\/\/test1.vivabeta.com\/#website"},"datePublished":"2025-10-14T02:43:06+00:00","breadcrumb":{"@id":"https:\/\/test1.vivabeta.com\/index.php\/inteligencia-artificial-para-marketing\/los-prompt\/#breadcrumb"},"inLanguage":"es-CR","potentialAction":[{"@type":"ReadAction","target":["https:\/\/test1.vivabeta.com\/index.php\/inteligencia-artificial-para-marketing\/los-prompt\/"]}]},{"@type":"BreadcrumbList","@id":"https:\/\/test1.vivabeta.com\/index.php\/inteligencia-artificial-para-marketing\/los-prompt\/#breadcrumb","itemListElement":[{"@type":"ListItem","position":1,"name":"Portada","item":"https:\/\/test1.vivabeta.com\/"},{"@type":"ListItem","position":2,"name":"Inteligencia Artificial para Marketing","item":"https:\/\/test1.vivabeta.com\/index.php\/inteligencia-artificial-para-marketing\/"},{"@type":"ListItem","position":3,"name":"Los Prompt"}]},{"@type":"WebSite","@id":"https:\/\/test1.vivabeta.com\/#website","url":"https:\/\/test1.vivabeta.com\/","name":"Test 1","description":"","potentialAction":[{"@type":"SearchAction","target":{"@type":"EntryPoint","urlTemplate":"https:\/\/test1.vivabeta.com\/?s={search_term_string}"},"query-input":{"@type":"PropertyValueSpecification","valueRequired":true,"valueName":"search_term_string"}}],"inLanguage":"es-CR"}]}},"_links":{"self":[{"href":"https:\/\/test1.vivabeta.com\/index.php\/wp-json\/wp\/v2\/pages\/22","targetHints":{"allow":["GET"]}}],"collection":[{"href":"https:\/\/test1.vivabeta.com\/index.php\/wp-json\/wp\/v2\/pages"}],"about":[{"href":"https:\/\/test1.vivabeta.com\/index.php\/wp-json\/wp\/v2\/types\/page"}],"author":[{"embeddable":true,"href":"https:\/\/test1.vivabeta.com\/index.php\/wp-json\/wp\/v2\/users\/1"}],"replies":[{"embeddable":true,"href":"https:\/\/test1.vivabeta.com\/index.php\/wp-json\/wp\/v2\/comments?post=22"}],"version-history":[{"count":1,"href":"https:\/\/test1.vivabeta.com\/index.php\/wp-json\/wp\/v2\/pages\/22\/revisions"}],"predecessor-version":[{"id":23,"href":"https:\/\/test1.vivabeta.com\/index.php\/wp-json\/wp\/v2\/pages\/22\/revisions\/23"}],"up":[{"embeddable":true,"href":"https:\/\/test1.vivabeta.com\/index.php\/wp-json\/wp\/v2\/pages\/15"}],"wp:attachment":[{"href":"https:\/\/test1.vivabeta.com\/index.php\/wp-json\/wp\/v2\/media?parent=22"}],"curies":[{"name":"wp","href":"https:\/\/api.w.org\/{rel}","templated":true}]}}